{"id":127,"date":"2013-03-01T12:31:01","date_gmt":"2013-03-01T12:31:01","guid":{"rendered":"http:\/\/www.belmontedegracian.es\/?page_id=127"},"modified":"2022-03-16T19:02:07","modified_gmt":"2022-03-16T19:02:07","slug":"castillo","status":"publish","type":"page","link":"https:\/\/www.belmontedegracian.es\/?page_id=127","title":{"rendered":"Castillo"},"content":{"rendered":"\n<div class=\"wp-block-columns is-layout-flex wp-container-core-columns-is-layout-9d6595d7 wp-block-columns-is-layout-flex\">\n<div class=\"wp-block-column is-layout-flow wp-block-column-is-layout-flow\"><\/div>\n\n\n\n<div class=\"wp-block-column is-layout-flow wp-block-column-is-layout-flow\"><\/div>\n<\/div>\n\n\n<p style=\"text-align: justify;\"><img decoding=\"async\" class=\"size-full wp-image-3663 alignleft\" src=\"http:\/\/www.belmontedegracian.es\/wp-content\/uploads\/2022\/03\/belmonte_castillo.jpg\" alt=\"\" width=\"275\" height=\"173\" srcset=\"https:\/\/www.belmontedegracian.es\/wp-content\/uploads\/2022\/03\/belmonte_castillo.jpg 275w, https:\/\/www.belmontedegracian.es\/wp-content\/uploads\/2022\/03\/belmonte_castillo-150x94.jpg 150w, https:\/\/www.belmontedegracian.es\/wp-content\/uploads\/2022\/03\/belmonte_castillo-100x63.jpg 100w, https:\/\/www.belmontedegracian.es\/wp-content\/uploads\/2022\/03\/belmonte_castillo-237x149.jpg 237w\" sizes=\"(max-width: 275px) 100vw, 275px\" \/>Sobre una cima, controlando todo el valle del r\u00edo Peregjiles. El castillo es de planta ovalada, con 80 metros de eje mayor por 40 de menor. Aunque se encuentra en muy mal estado, a\u00fan se distinguen dos peque\u00f1os torreones muy rebajados en altura. Dentro del recinto se encuentra la actual Ermita de Nuestra Se\u00f1ora del Castillo, construida sobre los restos de una torre campanario de tres cuerpos de tipo de tipo alminar almohade situada junto al muro norte del crucero. El primer cuerpo construido con mamposter\u00eda y los dos \u00faltimos son de ladrillo decorado con cer\u00e1mica.<\/p>\n<p style=\"text-align: justify;\"><img fetchpriority=\"high\" decoding=\"async\" class=\"size-medium wp-image-3664 alignright\" src=\"http:\/\/www.belmontedegracian.es\/wp-content\/uploads\/2022\/03\/castillo_de_belmonte_1-1-300x224.jpg\" alt=\"\" width=\"300\" height=\"224\" srcset=\"https:\/\/www.belmontedegracian.es\/wp-content\/uploads\/2022\/03\/castillo_de_belmonte_1-1-300x224.jpg 300w, https:\/\/www.belmontedegracian.es\/wp-content\/uploads\/2022\/03\/castillo_de_belmonte_1-1-150x112.jpg 150w, https:\/\/www.belmontedegracian.es\/wp-content\/uploads\/2022\/03\/castillo_de_belmonte_1-1-100x75.jpg 100w, https:\/\/www.belmontedegracian.es\/wp-content\/uploads\/2022\/03\/castillo_de_belmonte_1-1-199x149.jpg 199w, https:\/\/www.belmontedegracian.es\/wp-content\/uploads\/2022\/03\/castillo_de_belmonte_1-1.jpg 425w\" sizes=\"(max-width: 300px) 100vw, 300px\" \/>El castillo es de origen musulm\u00e1n, data del siglo X y pas\u00f3 a manos aragonesas en el siglo XII formando parte de la comunidad de Calatayud, dentro del la sesma del R\u00edo Miedes.<\/p>\n<p style=\"text-align: justify;\">En el siglo XIV aparece en las cr\u00f3nicas de la epoca aparece los vecinos de los pueblos de Mara y Ruesca vinieron en su defensa por el ataque de los castellanos, tomado finalmente en 1362 acabaron siendo tomados y anexionados por la Corona de Aragon.<\/p>\n<p style=\"text-align: justify;\">\u00a0<\/p>","protected":false},"excerpt":{"rendered":"<p>Sobre una cima, controlando todo el valle del r\u00edo Peregjiles. El castillo es de planta ovalada, con 80 metros de eje mayor por 40 de menor. Aunque se encuentra en muy mal estado, a\u00fan se distinguen dos peque\u00f1os torreones muy rebajados en altura. Dentro del recinto se encuentra la actual Ermita de Nuestra Se\u00f1ora del [&hellip;]<\/p>\n","protected":false},"author":1,"featured_media":0,"parent":335,"menu_order":0,"comment_status":"closed","ping_status":"closed","template":"portfolio.php","meta":{"footnotes":""},"class_list":["post-127","page","type-page","status-publish","hentry"],"_links":{"self":[{"href":"https:\/\/www.belmontedegracian.es\/index.php?rest_route=\/wp\/v2\/pages\/127","targetHints":{"allow":["GET"]}}],"collection":[{"href":"https:\/\/www.belmontedegracian.es\/index.php?rest_route=\/wp\/v2\/pages"}],"about":[{"href":"https:\/\/www.belmontedegracian.es\/index.php?rest_route=\/wp\/v2\/types\/page"}],"author":[{"embeddable":true,"href":"https:\/\/www.belmontedegracian.es\/index.php?rest_route=\/wp\/v2\/users\/1"}],"replies":[{"embeddable":true,"href":"https:\/\/www.belmontedegracian.es\/index.php?rest_route=%2Fwp%2Fv2%2Fcomments&post=127"}],"version-history":[{"count":14,"href":"https:\/\/www.belmontedegracian.es\/index.php?rest_route=\/wp\/v2\/pages\/127\/revisions"}],"predecessor-version":[{"id":3732,"href":"https:\/\/www.belmontedegracian.es\/index.php?rest_route=\/wp\/v2\/pages\/127\/revisions\/3732"}],"up":[{"embeddable":true,"href":"https:\/\/www.belmontedegracian.es\/index.php?rest_route=\/wp\/v2\/pages\/335"}],"wp:attachment":[{"href":"https:\/\/www.belmontedegracian.es\/index.php?rest_route=%2Fwp%2Fv2%2Fmedia&parent=127"}],"curies":[{"name":"wp","href":"https:\/\/api.w.org\/{rel}","templated":true}]}}

<div class="wp-block-columns is-layout-flex wp-container-core-columns-is-layout-9d6595d7 wp-block-columns-is-layout-flex">
<div class="wp-block-column is-layout-flow wp-block-column-is-layout-flow"></div>



<div class="wp-block-column is-layout-flow wp-block-column-is-layout-flow"></div>
</div>


<p style="text-align: justify;"><img decoding="async" class="size-full wp-image-3663 alignleft" src="http://www.belmontedegracian.es/wp-content/uploads/2022/03/belmonte_castillo.jpg" alt="" width="275" height="173" srcset="https://www.belmontedegracian.es/wp-content/uploads/2022/03/belmonte_castillo.jpg 275w, https://www.belmontedegracian.es/wp-content/uploads/2022/03/belmonte_castillo-150x94.jpg 150w, https://www.belmontedegracian.es/wp-content/uploads/2022/03/belmonte_castillo-100x63.jpg 100w, https://www.belmontedegracian.es/wp-content/uploads/2022/03/belmonte_castillo-237x149.jpg 237w" sizes="(max-width: 275px) 100vw, 275px" />Sobre una cima, controlando todo el valle del río Peregjiles. El castillo es de planta ovalada, con 80 metros de eje mayor por 40 de menor. Aunque se encuentra en muy mal estado, aún se distinguen dos pequeños torreones muy rebajados en altura. Dentro del recinto se encuentra la actual Ermita de Nuestra Señora del Castillo, construida sobre los restos de una torre campanario de tres cuerpos de tipo de tipo alminar almohade situada junto al muro norte del crucero. El primer cuerpo construido con mampostería y los dos últimos son de ladrillo decorado con cerámica.</p>
<p style="text-align: justify;"><img fetchpriority="high" decoding="async" class="size-medium wp-image-3664 alignright" src="http://www.belmontedegracian.es/wp-content/uploads/2022/03/castillo_de_belmonte_1-1-300x224.jpg" alt="" width="300" height="224" srcset="https://www.belmontedegracian.es/wp-content/uploads/2022/03/castillo_de_belmonte_1-1-300x224.jpg 300w, https://www.belmontedegracian.es/wp-content/uploads/2022/03/castillo_de_belmonte_1-1-150x112.jpg 150w, https://www.belmontedegracian.es/wp-content/uploads/2022/03/castillo_de_belmonte_1-1-100x75.jpg 100w, https://www.belmontedegracian.es/wp-content/uploads/2022/03/castillo_de_belmonte_1-1-199x149.jpg 199w, https://www.belmontedegracian.es/wp-content/uploads/2022/03/castillo_de_belmonte_1-1.jpg 425w" sizes="(max-width: 300px) 100vw, 300px" />El castillo es de origen musulmán, data del siglo X y pasó a manos aragonesas en el siglo XII formando parte de la comunidad de Calatayud, dentro del la sesma del Río Miedes.</p>
<p style="text-align: justify;">En el siglo XIV aparece en las crónicas de la epoca aparece los vecinos de los pueblos de Mara y Ruesca vinieron en su defensa por el ataque de los castellanos, tomado finalmente en 1362 acabaron siendo tomados y anexionados por la Corona de Aragon.</p>
<p style="text-align: justify;"> </p>

<p>Sobre una cima, controlando todo el valle del río Peregjiles. El castillo es de planta ovalada, con 80 metros de eje mayor por 40 de menor. Aunque se encuentra en muy mal estado, aún se distinguen dos pequeños torreones muy rebajados en altura. Dentro del recinto se encuentra la actual Ermita de Nuestra Señora del [&hellip;]</p>
