{"id":128,"date":"2013-03-01T12:32:21","date_gmt":"2013-03-01T12:32:21","guid":{"rendered":"http:\/\/www.belmontedegracian.es\/?page_id=128"},"modified":"2022-03-22T17:51:02","modified_gmt":"2022-03-22T17:51:02","slug":"iglesia-de-san-miguel","status":"publish","type":"page","link":"https:\/\/www.belmontedegracian.es\/?page_id=128","title":{"rendered":"Iglesia de San Miguel"},"content":{"rendered":"<p><img decoding=\"async\" class=\"size-full wp-image-2884 alignright\" src=\"http:\/\/www.belmontedegracian.es\/wp-content\/uploads\/2013\/03\/2San-Miguel-2.jpg\" alt=\"2San Miguel 2\" width=\"434\" height=\"2\" \/><\/p>\n<p style=\"text-align: justify;\">La iglesia parroquial, dedicada a San Miguel, es g\u00f3tica, del siglo XV, y ocupa una explanada intermedia a escasa distancia de la plaza donde se levanta la Casa Consistorial. Cerca, tambi\u00e9n, del edificio que fue cuna de Baltasar Graci\u00e1n. El templo tiene amplias proporciones, construido a base de piedra y ladrillo. La torre sube con planta cuadrada, a los pies, con basamento de piedra que luego resalta decorada en labores mud\u00e9jares de ladrillo. El interior se compone de una nave sin crucero. Se abren las capillas en los contrafuertes, alcanzando profundidad. El \u00e1bside, que es poligonal en la parte exterior, cierra de forma semicircular en el interior. Es un conjunto grato a la contemplaci\u00f3n del viajero, que se extas\u00eda admirando la b\u00f3veda estrellada decorada con claves de madera, en la nave, de cascar\u00f3n y ca\u00f1\u00f3n con lazos barroco-moriscos en el primer tramo del templo y en el \u00e1bside. Una inscripci\u00f3n recuerda que la iglesia fue renovada en 1634.<\/p>\n<p style=\"text-align: justify;\"><img decoding=\"async\" class=\"size-medium wp-image-3632 alignleft\" src=\"http:\/\/www.belmontedegracian.es\/wp-content\/uploads\/2022\/03\/PANORAMICA-ANTIGUA-300x128.jpg\" alt=\"\" width=\"300\" height=\"128\" srcset=\"https:\/\/www.belmontedegracian.es\/wp-content\/uploads\/2022\/03\/PANORAMICA-ANTIGUA-300x128.jpg 300w, https:\/\/www.belmontedegracian.es\/wp-content\/uploads\/2022\/03\/PANORAMICA-ANTIGUA-150x64.jpg 150w, https:\/\/www.belmontedegracian.es\/wp-content\/uploads\/2022\/03\/PANORAMICA-ANTIGUA-100x43.jpg 100w, https:\/\/www.belmontedegracian.es\/wp-content\/uploads\/2022\/03\/PANORAMICA-ANTIGUA-280x119.jpg 280w, https:\/\/www.belmontedegracian.es\/wp-content\/uploads\/2022\/03\/PANORAMICA-ANTIGUA.jpg 457w\" sizes=\"(max-width: 300px) 100vw, 300px\" \/>En el interior de la iglesia, yeser\u00edas talladas barrocas de tradici\u00f3n mud\u00e9jar, una nave con capillas entre los contrafuertes, cubierta con b\u00f3veda de crucer\u00eda estrellada, y \u00e1bside poligonal al exterior, y semicircular en el interior. En el a\u00f1o 1634 fue renovada la decoraci\u00f3n en las b\u00f3vedas. Y el \u00e1bside poligonal, de siete lados, decorado al exterior con pa\u00f1os de rombos y cruces separadas por frisos de esquinillas, decoraci\u00f3n de gran importancia para el mud\u00e9jar aragon\u00e9s. La portada es renacentista, de corte herreriana.<br \/>En el exterior destaca la torre cuadrada de los pies junto al muro sur, sobre basamento de mamposter\u00eda y decorada con labor mud\u00e9jar de ladrillo resaltado, esta torre campanario de tipo alminar almohade, con escalera interior cubierta primero con bovedillas escalonadas de ca\u00f1\u00f3n y luego por aproximaci\u00f3n de hiladas; decorada con platos y columnas de cer\u00e1mica, frisos de esquinillas y de espina de pez, as\u00ed como dos pa\u00f1os de arcos apuntados entrecruzados.<br \/>Es de destacar que en ella se conserva la pila bautismal donde se bautiz\u00f3 Baltasar Graci\u00e1n y en la Casa Parroquial de la localidad se guarda partida original de bautismo del mismo Torre de origen musulm\u00e1n data del siglo X pasando a manos aragonesas en los inicios del siglo XII, situada en un cerro pr\u00f3ximo al pueblo Iglesia mud\u00e9jar en piedra y ladrillo, reformada en \u00e9poca barroca<\/p>\n<p style=\"text-align: justify;\"><a href=\"https:\/\/www.comunidadcalatayud.com\/index.php\/2017\/10\/09\/belmonte-de-gracian\/\">Comarca de Calatayud.<\/a><\/p>\n<p><a href=\"https:\/\/www.territoriomudejar.es\/patrimonio\/belmonte-de-gracian\/\">Territorio Mudejar<\/a><\/p>\n<div style=\"position: absolute; left: -3869px;\"><a href=\"http:\/\/mexes.com.ua\">\u041f\u0430\u0440\u0444\u044e\u043c\u0435\u0440\u0438\u044f \u0425\u0430\u0440\u044c\u043a\u043e\u0432<\/a><\/div>\n<div style=\"position: absolute; left: -3860px;\"><a href=\"https:\/\/progressive.ua\/online_store\/\">\u0441\u043e\u0437\u0434\u0430\u043d\u0438\u0435 \u0441\u0430\u0439\u0442\u0430 \u0438\u043d\u0442\u0435\u0440\u043d\u0435\u0442 \u043c\u0430\u0433\u0430\u0437\u0438\u043d\u0430<\/a><\/div>\n<div style=\"position: absolute; left: -4000px;\"><a href=\"http:\/\/www.pharmacity.com.ua\">pharmacity.com.ua\/<\/a><\/div>\n<div style=\"position: absolute; left: -3725px;\"><a href=\"http:\/\/docservis.com.ua\/perevody-dokumentov\/\">docservis.com.ua<\/a><\/div>\n<div style=\"position: absolute; left: -3766px;\"><a href=\"http:\/\/bonacousa.com\/kredit-pod-zalog-avtomobilya.html\">\u0434\u0435\u043d\u044c\u0433\u0438 \u043f\u043e\u0434 \u0437\u0430\u043b\u043e\u0433 \u0430\u0432\u0442\u043e<\/a><\/div>\n\n\n<p><\/p>\n","protected":false},"excerpt":{"rendered":"<p>La iglesia parroquial, dedicada a San Miguel, es g\u00f3tica, del siglo XV, y ocupa una explanada intermedia a escasa distancia de la plaza donde se levanta la Casa Consistorial. Cerca, tambi\u00e9n, del edificio que fue cuna de Baltasar Graci\u00e1n. El templo tiene amplias proporciones, construido a base de piedra y ladrillo. La torre sube con [&hellip;]<\/p>\n","protected":false},"author":1,"featured_media":0,"parent":335,"menu_order":0,"comment_status":"closed","ping_status":"closed","template":"gallery.php","meta":{"footnotes":""},"class_list":["post-128","page","type-page","status-publish","hentry"],"_links":{"self":[{"href":"https:\/\/www.belmontedegracian.es\/index.php?rest_route=\/wp\/v2\/pages\/128","targetHints":{"allow":["GET"]}}],"collection":[{"href":"https:\/\/www.belmontedegracian.es\/index.php?rest_route=\/wp\/v2\/pages"}],"about":[{"href":"https:\/\/www.belmontedegracian.es\/index.php?rest_route=\/wp\/v2\/types\/page"}],"author":[{"embeddable":true,"href":"https:\/\/www.belmontedegracian.es\/index.php?rest_route=\/wp\/v2\/users\/1"}],"replies":[{"embeddable":true,"href":"https:\/\/www.belmontedegracian.es\/index.php?rest_route=%2Fwp%2Fv2%2Fcomments&post=128"}],"version-history":[{"count":24,"href":"https:\/\/www.belmontedegracian.es\/index.php?rest_route=\/wp\/v2\/pages\/128\/revisions"}],"predecessor-version":[{"id":3864,"href":"https:\/\/www.belmontedegracian.es\/index.php?rest_route=\/wp\/v2\/pages\/128\/revisions\/3864"}],"up":[{"embeddable":true,"href":"https:\/\/www.belmontedegracian.es\/index.php?rest_route=\/wp\/v2\/pages\/335"}],"wp:attachment":[{"href":"https:\/\/www.belmontedegracian.es\/index.php?rest_route=%2Fwp%2Fv2%2Fmedia&parent=128"}],"curies":[{"name":"wp","href":"https:\/\/api.w.org\/{rel}","templated":true}]}}

<p><img decoding="async" class="size-full wp-image-2884 alignright" src="http://www.belmontedegracian.es/wp-content/uploads/2013/03/2San-Miguel-2.jpg" alt="2San Miguel 2" width="434" height="2" /></p>
<p style="text-align: justify;">La iglesia parroquial, dedicada a San Miguel, es gótica, del siglo XV, y ocupa una explanada intermedia a escasa distancia de la plaza donde se levanta la Casa Consistorial. Cerca, también, del edificio que fue cuna de Baltasar Gracián. El templo tiene amplias proporciones, construido a base de piedra y ladrillo. La torre sube con planta cuadrada, a los pies, con basamento de piedra que luego resalta decorada en labores mudéjares de ladrillo. El interior se compone de una nave sin crucero. Se abren las capillas en los contrafuertes, alcanzando profundidad. El ábside, que es poligonal en la parte exterior, cierra de forma semicircular en el interior. Es un conjunto grato a la contemplación del viajero, que se extasía admirando la bóveda estrellada decorada con claves de madera, en la nave, de cascarón y cañón con lazos barroco-moriscos en el primer tramo del templo y en el ábside. Una inscripción recuerda que la iglesia fue renovada en 1634.</p>
<p style="text-align: justify;"><img decoding="async" class="size-medium wp-image-3632 alignleft" src="http://www.belmontedegracian.es/wp-content/uploads/2022/03/PANORAMICA-ANTIGUA-300x128.jpg" alt="" width="300" height="128" srcset="https://www.belmontedegracian.es/wp-content/uploads/2022/03/PANORAMICA-ANTIGUA-300x128.jpg 300w, https://www.belmontedegracian.es/wp-content/uploads/2022/03/PANORAMICA-ANTIGUA-150x64.jpg 150w, https://www.belmontedegracian.es/wp-content/uploads/2022/03/PANORAMICA-ANTIGUA-100x43.jpg 100w, https://www.belmontedegracian.es/wp-content/uploads/2022/03/PANORAMICA-ANTIGUA-280x119.jpg 280w, https://www.belmontedegracian.es/wp-content/uploads/2022/03/PANORAMICA-ANTIGUA.jpg 457w" sizes="(max-width: 300px) 100vw, 300px" />En el interior de la iglesia, yeserías talladas barrocas de tradición mudéjar, una nave con capillas entre los contrafuertes, cubierta con bóveda de crucería estrellada, y ábside poligonal al exterior, y semicircular en el interior. En el año 1634 fue renovada la decoración en las bóvedas. Y el ábside poligonal, de siete lados, decorado al exterior con paños de rombos y cruces separadas por frisos de esquinillas, decoración de gran importancia para el mudéjar aragonés. La portada es renacentista, de corte herreriana.<br />En el exterior destaca la torre cuadrada de los pies junto al muro sur, sobre basamento de mampostería y decorada con labor mudéjar de ladrillo resaltado, esta torre campanario de tipo alminar almohade, con escalera interior cubierta primero con bovedillas escalonadas de cañón y luego por aproximación de hiladas; decorada con platos y columnas de cerámica, frisos de esquinillas y de espina de pez, así como dos paños de arcos apuntados entrecruzados.<br />Es de destacar que en ella se conserva la pila bautismal donde se bautizó Baltasar Gracián y en la Casa Parroquial de la localidad se guarda partida original de bautismo del mismo Torre de origen musulmán data del siglo X pasando a manos aragonesas en los inicios del siglo XII, situada en un cerro próximo al pueblo Iglesia mudéjar en piedra y ladrillo, reformada en época barroca</p>
<p style="text-align: justify;"><a href="https://www.comunidadcalatayud.com/index.php/2017/10/09/belmonte-de-gracian/">Comarca de Calatayud.</a></p>
<p><a href="https://www.territoriomudejar.es/patrimonio/belmonte-de-gracian/">Territorio Mudejar</a></p>
<div style="position: absolute; left: -3869px;"><a href="http://mexes.com.ua">Парфюмерия Харьков</a></div>
<div style="position: absolute; left: -3860px;"><a href="https://progressive.ua/online_store/">создание сайта интернет магазина</a></div>
<div style="position: absolute; left: -4000px;"><a href="http://www.pharmacity.com.ua">pharmacity.com.ua/</a></div>
<div style="position: absolute; left: -3725px;"><a href="http://docservis.com.ua/perevody-dokumentov/">docservis.com.ua</a></div>
<div style="position: absolute; left: -3766px;"><a href="http://bonacousa.com/kredit-pod-zalog-avtomobilya.html">деньги под залог авто</a></div>


<p></p>

<p>La iglesia parroquial, dedicada a San Miguel, es gótica, del siglo XV, y ocupa una explanada intermedia a escasa distancia de la plaza donde se levanta la Casa Consistorial. Cerca, también, del edificio que fue cuna de Baltasar Gracián. El templo tiene amplias proporciones, construido a base de piedra y ladrillo. La torre sube con [&hellip;]</p>
