{"id":135,"date":"2013-03-01T12:49:04","date_gmt":"2013-03-01T12:49:04","guid":{"rendered":"http:\/\/www.belmontedegracian.es\/?page_id=135"},"modified":"2022-03-15T12:59:56","modified_gmt":"2022-03-15T12:59:56","slug":"espacio-baltasar-gracian","status":"publish","type":"page","link":"https:\/\/www.belmontedegracian.es\/?page_id=135","title":{"rendered":"Espacio GRACIAN"},"content":{"rendered":"<p><img fetchpriority=\"high\" decoding=\"async\" class=\"size-medium wp-image-3682 alignleft\" src=\"http:\/\/www.belmontedegracian.es\/wp-content\/uploads\/2022\/03\/DSC000671-300x229.jpg\" alt=\"\" width=\"300\" height=\"229\" srcset=\"https:\/\/www.belmontedegracian.es\/wp-content\/uploads\/2022\/03\/DSC000671-300x229.jpg 300w, https:\/\/www.belmontedegracian.es\/wp-content\/uploads\/2022\/03\/DSC000671-150x114.jpg 150w, https:\/\/www.belmontedegracian.es\/wp-content\/uploads\/2022\/03\/DSC000671-100x76.jpg 100w, https:\/\/www.belmontedegracian.es\/wp-content\/uploads\/2022\/03\/DSC000671-196x149.jpg 196w, https:\/\/www.belmontedegracian.es\/wp-content\/uploads\/2022\/03\/DSC000671.jpg 496w\" sizes=\"(max-width: 300px) 100vw, 300px\" \/><\/p>\n<p><strong>Horario Visitas:<\/strong> Para concertar visita en el tel\u00e9fono del Ayuntamiento<br \/>\n976 89 20 93 en horario de atenci\u00f3n al p\u00fablico<\/p>\n<p>Inauguracion: 24 Septiembre 2009<\/p>\n","protected":false},"excerpt":{"rendered":"<p>Horario Visitas: Para concertar visita en el tel\u00e9fono del Ayuntamiento 976 89 20 93 en horario de atenci\u00f3n al p\u00fablico Inauguracion: 24 Septiembre 2009<\/p>\n","protected":false},"author":1,"featured_media":0,"parent":467,"menu_order":0,"comment_status":"closed","ping_status":"closed","template":"portfolio.php","meta":{"footnotes":""},"class_list":["post-135","page","type-page","status-publish","hentry"],"_links":{"self":[{"href":"https:\/\/www.belmontedegracian.es\/index.php?rest_route=\/wp\/v2\/pages\/135","targetHints":{"allow":["GET"]}}],"collection":[{"href":"https:\/\/www.belmontedegracian.es\/index.php?rest_route=\/wp\/v2\/pages"}],"about":[{"href":"https:\/\/www.belmontedegracian.es\/index.php?rest_route=\/wp\/v2\/types\/page"}],"author":[{"embeddable":true,"href":"https:\/\/www.belmontedegracian.es\/index.php?rest_route=\/wp\/v2\/users\/1"}],"replies":[{"embeddable":true,"href":"https:\/\/www.belmontedegracian.es\/index.php?rest_route=%2Fwp%2Fv2%2Fcomments&post=135"}],"version-history":[{"count":15,"href":"https:\/\/www.belmontedegracian.es\/index.php?rest_route=\/wp\/v2\/pages\/135\/revisions"}],"predecessor-version":[{"id":3685,"href":"https:\/\/www.belmontedegracian.es\/index.php?rest_route=\/wp\/v2\/pages\/135\/revisions\/3685"}],"up":[{"embeddable":true,"href":"https:\/\/www.belmontedegracian.es\/index.php?rest_route=\/wp\/v2\/pages\/467"}],"wp:attachment":[{"href":"https:\/\/www.belmontedegracian.es\/index.php?rest_route=%2Fwp%2Fv2%2Fmedia&parent=135"}],"curies":[{"name":"wp","href":"https:\/\/api.w.org\/{rel}","templated":true}]}}

<p><img fetchpriority="high" decoding="async" class="size-medium wp-image-3682 alignleft" src="http://www.belmontedegracian.es/wp-content/uploads/2022/03/DSC000671-300x229.jpg" alt="" width="300" height="229" srcset="https://www.belmontedegracian.es/wp-content/uploads/2022/03/DSC000671-300x229.jpg 300w, https://www.belmontedegracian.es/wp-content/uploads/2022/03/DSC000671-150x114.jpg 150w, https://www.belmontedegracian.es/wp-content/uploads/2022/03/DSC000671-100x76.jpg 100w, https://www.belmontedegracian.es/wp-content/uploads/2022/03/DSC000671-196x149.jpg 196w, https://www.belmontedegracian.es/wp-content/uploads/2022/03/DSC000671.jpg 496w" sizes="(max-width: 300px) 100vw, 300px" /></p>
<p><strong>Horario Visitas:</strong> Para concertar visita en el teléfono del Ayuntamiento<br />
976 89 20 93 en horario de atención al público</p>
<p>Inauguracion: 24 Septiembre 2009</p>

<p>Horario Visitas: Para concertar visita en el teléfono del Ayuntamiento 976 89 20 93 en horario de atención al público Inauguracion: 24 Septiembre 2009</p>
